682
Convert -6528653 (base 9) to base 16.
-357513
Convert 34473602 (base 8) to base 13.
1728699
-173d6 (base 15) to base 16
-12576
Convert -55313 (base 11) to base 2.
-10011100101101101
Convert -1011617 (base 8) to base 11.
-172795
21111112000102 (base 3) to base 11
2282973
Convert 742857 (base 12) to base 9.
3387464
-1110130310 (base 4) to base 2
-1010100011100110100
-1220464 (base 7) to base 9
-257364
What is -65479aa (base 11) in base 10?
-11503711
Convert 14034043 (base 5) to base 14.
3a19d
What is -221210240 (base 5) in base 13?
-277cb7
-2528984 (base 10) to base 9
-4674102
-2002202121220 (base 3) to base 8
-4206144
What is 100012021 (base 3) in base 14?
262b
-11110111011001111001110 (base 2) to base 10
-8106958
-3033404121 (base 5) to base 8
-27362675
Convert 15476 (base 12) to base 11.
20631
What is -175157 (base 10) in base 9?
-286238
What is 65773 (base 8) in base 10?
27643
-12731701 (base 8) to base 4
-22323033001
Convert 51699 (base 11) to base 5.
4402440
Convert 2562326 (base 7) to base 12.
141768
What is -110200012102 (base 3) in base 4?
-330321320
3c4177 (base 14) to base 5
1013220431
What is 4000b (base 13) in base 6?
2240543
1510463 (base 7) to base 9
341248
Convert -11122222102 (base 3) to base 13.
-32a56
111011110101111101 (base 2) to base 7
2040425
Convert -ac718d (base 14) to base 16.
-5965c9
Convert 1858350 (base 9) to base 11.
652492
-c9972 (base 13) to base 16
-58e57
Convert -12102001102212 (base 3) to base 15.
-3bbbb2
Convert -8558376 (base 11) to base 15.
-14c7c62
-605446 (base 7) to base 4
-121012003
What is c4b45 (base 14) in base 6?
14055145
What is -141924 (base 10) in base 16?
-22a64
-425643 (base 7) to base 15
-16e30
416547 (base 9) to base 15
4d554
What is -1532b9 (base 14) in base 12?
-2b7597
Convert 4b2ba1 (base 15) to base 16.
36fd27
325420 (base 11) to base 4
1332312230
What is -420400 (base 6) in base 12?
-17700
Convert -1110110001010010 (base 2) to base 9.
-101880
What is 101110000101110100110 (base 2) in base 6?
52212102
-21212334 (base 6) to base 12
-2610aa
Convert -1d2084 (base 15) to base 4.
-11123233312
What is -a16b (base 14) in base 12?
-1406b
Convert 2030004 (base 8) to base 10.
536580
123440344 (base 6) to base 13
66781c
-1122000333 (base 4) to base 3
-200201202200
Convert 1313203133 (base 4) to base 11.
304a08
600bd (base 14) to base 11
148334
Convert -2467643 (base 8) to base 12.
-28b96b
What is 130030221123 (base 4) in base 9?
14815620
What is 10011011101000100110 (base 2) in base 6?
21355142
Convert 256777a (base 11) to base 4.
100331210022
Convert -14521155 (base 6) to base 13.
-14a4a6
-8a7478 (base 13) to base 15
-4497a8
-23014210 (base 5) to base 10
-204305
Convert -10678207 (base 9) to base 13.
-10c8c37
2803676 (base 9) to base 5
343204031
Convert -101140445 (base 6) to base 3.
-10021101000102
What is -2b2a375 (base 13) in base 7?
-225306235
-10010000101100010011001 (base 2) to base 14
-8b5c25
-e4e46 (base 15) to base 2
-10110001000111011010
What is c9bf7 (base 16) in base 9?
1488486
24672553 (base 9) to base 7
204536664
What is -1d197 (base 16) in base 14?
-31619
231013111 (base 4) to base 9
311431
What is 24130421 (base 5) in base 13?
7ab81
Convert -1111201201022 (base 3) to base 15.
-10c812
Convert 2f2bd (base 16) to base 4.
233022331
What is -4221232320 (base 5) in base 16?
-85e1c5
What is -127242 (base 10) in base 6?
-2421030
What is -1cc30 (base 15) in base 12?
-463a6
What is -4b1574 (base 12) in base 14?
-23cac8
What is 213329 (base 12) in base 16?
7ff11
5546 (base 13) to base 2
10111001110000
Convert -44e576 (base 15) to base 7.
-36644265
What is -809097 (base 10) in base 13?
-224373
What is -251621 (base 8) in base 12?
-42381
What is 399a4 (base 16) in base 12?
b4658
What is -2215760 (base 8) in base 13?
-17b953
What is 100110001010011101101 (base 2) in base 10?
1250541
Convert 1001000012222 (base 3) to base 15.
ad525
129110 (base 12) to base 2
1001010101101011100
Convert -160084 (base 11) to base 3.
-110122112211
Convert -20a90 (base 14) to base 16.
-13446
Convert 25515630 (base 8) to base 4.
111221232120
-467837 (base 9) to base 4
-1010230003
-733515 (base 9) to base 7
-3463031
What is a124b9 (base 14) in base 10?
5423091
-177b6 (base 12) to base 10
-33978
What is 120103231 (base 4) in base 10?
99565
Convert 147387a (base 11) to base 4.
21220002210
What is 110314 (base 7) in base 10?
19366
16062 (base 8) to base 12
4216
Convert -1000111010010100 (base 2) to base 10.
-36500
Convert -6635b (base 12) to base 4.
-201001313
1c939c7 (base 13) to base 14
13a766d
327207 (base 8) to base 14
2c247
a24a (base 16) to base 13
15bab
Convert -44469 (base 16) to base 14.
-73cb7
-25504300 (base 6) to base 12
-342090
Convert -11202132 (base 6) to base 5.
-41431012
What is 266133 (base 10) in base 11?
171a4a
223234 (base 5) to base 9
11806
What is -220101121220 (base 3) in base 2?
-1110101001110001010
What is -1023223 (base 4) in base 2?
-1001011101011
What is a71c0 (base 14) in base 3?
202111211001
What is -3a542 (base 14) in base 8?
-430556
-2222404 (base 5) to base 3
-1222122022
What is 259106 (base 11) in base 10?
407413
What is -111111122122100 (base 3) in base 16?
-6d8501
-50614 (base 12) to base 7
-613561
Convert 378233 (base 11) to base 8.
2215126
Convert -1d393 (base 16) to base 14.
-3189d
What is 2a7010 (base 12) in base 8?
2570514
Convert 202152135 (base 6) to base 15.
48752b
Convert -209ddb (base 14) to base 12.
-452439
69975 (base 14) to base 8
766043
What is -201102112212201 (base 3) in base 15?
-d8e2ad
120220431 (base 5) to base 8
2072773
What is -3073725 (base 8) in base 15?
-11218e
Convert 310320 (base 5) to base 11.
7639
What is -2625576 (base 8) in base 5?
-141411110
Convert -21213442 (base 6) to base 2.
-10011000011001000010
6302463 (base 8) to base 14
317723
What is -17abc (base 16) in base 10?
-96956
122020102 (base 5) to base 15
b6a1c
Convert -203322043 (base 6) to base 2.
-1101011100101111001011
Convert 768570 (base 9) to base 10.
459009
What is -120341211 (base 5) in base 2?
-10001000011101010011
11431014 (base 7) to base 14
1c637b
Convert 23650 (base 12) to base 2.
1011100111011100
Convert 130123242 (base 5) to base 15.
c6932
Convert -7074505 (base 9) to base 3.
-21002111120012
What is 543028 (base 13) in base 16?
1e2bf6
What is -100111111100000 (base 2) in base 14?
-7648
736120 (base 8) to base 13
87580
Convert -104204326 (base 7) to base 6.
-342222154
What is 120102220222 (base 3) in base 4?
1022031002
What is 22000631 (base 8) in base 15?
633351
What is -210122012210 (base 3) in base 14?
-b12cc
What is 1111011011010000000110 (base 2) in base 14?
773978
Convert -5870a70 (base 12) to base 15.
-1771e6c
What is 645de (base 15) in base 4?
1031301320
Convert -659115 (base 10) to base 3.
-1020111010200
Convert 7c4b0 (base 14) to base 8.
1117272
1100233030 (base 4) to base 14
88736
233013003 (base 4) to base 12
93803
90b (base 15) to base 5
31121
What is -111110111100100000 (base 2) in base 4?
-332330200
Convert -12220021233 (base 4) to base 11.
-a87309
25aa78 (base 12) to base 3
1011111200202
Convert -28a1 (base 11) to base 8.
-7235
-32141405 (base 6) to base 3
-1210002021112
Convert 22532e (base 16) to base 7.
25056235
-12131221032 (base 4) to base 3
-10012002010100
What is -2350041 (base 6) in base 10?
-123145
Convert 10010111011001100110 (base 2) to base 12.
25aa5a
What is 4232104333 (base 5) in base 13?
1ab4245
Convert b3a21 (base 14) to base 13.
121cc1
What is 1111100111100001101001 (base 2) in base 8?
17474151
Convert 30da7 (base 15) to base 4.
211311031
What is -2655340 (base 7) in base 13?
-c342a
Convert 5042aa (base 13) to base 4.
13013200003
What is 113222131020 (base 4) in base 6?
340542320
-121010121010 (base 3) to base 12
-133926
-8808db (base 16) to base 11
-503a104
What is 13947 (base 16) in base 13?
2a672
What is 10000111111001101001 (base 2) in base 15?
aedee
3140774 (base 8) to base 2
11001100000111111100
Convert -2bba7b (base 12) to base 13.
-2018cc
Convert 11230131020 (base 4) to base 15.
1e74a8
313131132 (base 4) to base 10
227166
What is -201133103332 (base 4) in base 15?
-b862c1
-75cb17 (base 14) to base 3
-21111210221010
6122566 (base 8) to base 14
3008d0
-63065 (base 10) to base 16
-f659
Convert -748c (base 13) to base 4.
-3330223
1436563 (base 7